{"id":69,"date":"2019-12-26T20:36:22","date_gmt":"2019-12-26T19:36:22","guid":{"rendered":"https:\/\/soleilrouge.fr\/?page_id=69"},"modified":"2022-07-12T12:50:03","modified_gmt":"2022-07-12T10:50:03","slug":"gite-lavande","status":"publish","type":"page","link":"https:\/\/soleilrouge.fr\/index.php\/gite-lavande\/","title":{"rendered":"G\u00eete Lavande &#8211; Studio 2 Personnes"},"content":{"rendered":"\n\t\t<link href=\"https:\/\/soleilrouge.fr\/wp-content\/plugins\/slideshow-ck\/themes\/default\/css\/camera.css\" rel=\"stylesheet\" type=\"text\/css\" \/>\n\t\t<style type=\"text\/css\">\n\t\t\t#camera_wrap_136 .camera_pag_ul li img, #camera_wrap_136 .camera_thumbs_cont ul li img {\n\t\t\t\theight:100px;\n\t\t\t\twidth: auto;\n\t\t\t}\n\t\t\t#camera_wrap_136 .camera_caption {\n\t\t\t\tdisplay: block;\n\t\t\t\tposition: absolute;\n\t\t\t}\n\t\t\t#camera_wrap_136 .camera_caption a.camera_caption_link {\n\t\t\t\tdisplay: block;\n\t\t\t\tposition: absolute;\n\t\t\t\tleft: 0;\n\t\t\t\tright: 0;\n\t\t\t\ttop: 0;\n\t\t\t\tbottom: 0;\n\t\t\t}\n\t\t\t#camera_wrap_136 .camera_caption > div {\n\t\t\t\tbackground: #000000;\t\t\t}\n\t\t\t#camera_wrap_136 .camera_caption div.camera_caption_title {\n\t\t\t\tfont-size: 18px;line-height: 18px;font-weight: normal;\t\t\t}\n\t\t\t#camera_wrap_136 .camera_caption div.camera_caption_desc {\n\t\t\t\tfont-size: 12px;line-height: 12px;font-weight: normal;\t\t\t}\n\t\t<\/style>\n\t\t\t\t<div class=\"slideshowck camera_wrap camera_amber_skin\" id=\"camera_wrap_136\">\n\t\t\t\t\t\t\t<div  data-thumb=\"https:\/\/soleilrouge.fr\/wp-content\/uploads\/2020\/01\/Lit-gite-Lavande-scaled.jpg\" data-src=\"https:\/\/soleilrouge.fr\/wp-content\/uploads\/2020\/01\/Lit-gite-Lavande-scaled.jpg\" data-link=\"https:\/\/soleilrouge.fr\/wp-content\/uploads\/2020\/01\/Lit-gite-Lavande-scaled.jpg\" data-target=\"_parent\">\n\t\t\t\t\t\t\t\t\t\t\t\t<div class=\"camera_caption moveFromLeft\">\n\t\t\t\t\t\t\t\t\t\t\t\t\t\t<div class=\"camera_caption_title\">\n\t\t\t\t\t\t\t\tGrand Lit Queen Size (160 cm)\t\t\t\t\t\t\t<\/div>\n\t\t\t\t\t\t\t\t\t\t\t\t\t\t\t\t\t\t\t\t\t\t\t\t\t\t\t\t\t\t\t\t\t\t<\/div>\n\t\t\t\t\t\t\t\t\t\t<\/div>\n\t\t\t\t\t\t\t<div  data-thumb=\"https:\/\/soleilrouge.fr\/wp-content\/uploads\/2020\/01\/lavande-vue-piscine.jpg\" data-src=\"https:\/\/soleilrouge.fr\/wp-content\/uploads\/2020\/01\/lavande-vue-piscine.jpg\" data-link=\"https:\/\/soleilrouge.fr\/wp-content\/uploads\/2020\/01\/lavande-vue-piscine.jpg\" data-target=\"_parent\">\n\t\t\t\t\t\t\t\t\t\t\t\t<div class=\"camera_caption moveFromLeft\">\n\t\t\t\t\t\t\t\t\t\t\t\t\t\t<div class=\"camera_caption_title\">\n\t\t\t\t\t\t\t\tTerrasse privative vue piscine\t\t\t\t\t\t\t<\/div>\n\t\t\t\t\t\t\t\t\t\t\t\t\t\t\t\t\t\t\t\t\t\t\t\t\t\t\t\t\t\t\t\t\t\t<\/div>\n\t\t\t\t\t\t\t\t\t\t<\/div>\n\t\t\t\t\t\t\t<div  data-thumb=\"https:\/\/soleilrouge.fr\/wp-content\/uploads\/2020\/01\/P1110357-scaled.jpg\" data-src=\"https:\/\/soleilrouge.fr\/wp-content\/uploads\/2020\/01\/P1110357-scaled.jpg\" data-link=\"https:\/\/soleilrouge.fr\/wp-content\/uploads\/2020\/01\/P1110357-scaled.jpg\" data-target=\"_parent\">\n\t\t\t\t\t\t\t\t\t\t\t\t<div class=\"camera_caption moveFromLeft\">\n\t\t\t\t\t\t\t\t\t\t\t\t\t\t<div class=\"camera_caption_title\">\n\t\t\t\t\t\t\t\tVue interieure\t\t\t\t\t\t\t<\/div>\n\t\t\t\t\t\t\t\t\t\t\t\t\t\t\t\t\t\t\t\t\t\t\t\t\t\t\t\t\t\t\t\t\t\t<\/div>\n\t\t\t\t\t\t\t\t\t\t<\/div>\n\t\t\t\t\t\t\t<div  data-thumb=\"https:\/\/soleilrouge.fr\/wp-content\/uploads\/2020\/01\/Lavande-SDB.jpg\" data-src=\"https:\/\/soleilrouge.fr\/wp-content\/uploads\/2020\/01\/Lavande-SDB.jpg\" data-link=\"https:\/\/soleilrouge.fr\/wp-content\/uploads\/2020\/01\/Lavande-SDB.jpg\" data-target=\"_parent\">\n\t\t\t\t\t\t\t\t\t\t\t\t<div class=\"camera_caption moveFromLeft\">\n\t\t\t\t\t\t\t\t\t\t\t\t\t\t<div class=\"camera_caption_title\">\n\t\t\t\t\t\t\t\tSalle de bain avec baignoire\t\t\t\t\t\t\t<\/div>\n\t\t\t\t\t\t\t\t\t\t\t\t\t\t\t\t\t\t\t\t\t\t\t\t\t\t\t\t\t\t\t\t\t\t<\/div>\n\t\t\t\t\t\t\t\t\t\t<\/div>\n\t\t\t\t\t\t\t<div  data-thumb=\"https:\/\/soleilrouge.fr\/wp-content\/uploads\/2020\/01\/P1110023-scaled.jpg\" data-src=\"https:\/\/soleilrouge.fr\/wp-content\/uploads\/2020\/01\/P1110023-scaled.jpg\" data-link=\"https:\/\/soleilrouge.fr\/wp-content\/uploads\/2020\/01\/P1110023-scaled.jpg\" data-target=\"_parent\">\n\t\t\t\t\t\t\t\t\t\t\t\t<div class=\"camera_caption moveFromLeft\">\n\t\t\t\t\t\t\t\t\t\t\t\t\t\t<div class=\"camera_caption_title\">\n\t\t\t\t\t\t\t\tTerrasse privative vue sur la piscine\t\t\t\t\t\t\t<\/div>\n\t\t\t\t\t\t\t\t\t\t\t\t\t\t\t\t\t\t\t\t\t\t\t\t\t\t\t\t\t\t\t\t\t\t<\/div>\n\t\t\t\t\t\t\t\t\t\t<\/div>\n\t\t\t\t\t<\/div>\n\t\t<div style=\"clear:both;\"><\/div>\n\t\t\n\n\n\n<p> Le G\u00eete Lavande est un studio  de 28 m\u00b2 pr\u00e9vu pour 2 personnes.  Climatis\u00e9.<\/p>\n\n\n\n<p><\/p>\n\n\n\n<ul class=\"wp-block-list\"><li>Lit Queen size (160 cm)  avec chevets.<\/li><li>TV \u00e9cran plat, table pliante\u00a0 et une armoire avec miroir sur pied.<\/li><li>Une kitchenette (r\u00e9frig\u00e9rateur &#8211; cong\u00e9lateur, four \u00e0 micro-ondes,<br>2 plaques chauffantes, lave-vaisselle, grille-pain, bouilloire, cafeti\u00e8re \u00e9lectrique, vaisselle).<\/li><li>Une salle de bain avec baignoire et WC. S\u00e8che-serviettes.<\/li><li>Une terrasse priv\u00e9e avec salon de jardin, parasol et table ext\u00e9rieure.<\/li><\/ul>\n","protected":false},"excerpt":{"rendered":"<p>Le G\u00eete Lavande est un studio de 28 m\u00b2 pr\u00e9vu pour 2 personnes. Climatis\u00e9. Lit Queen size (160 cm) avec chevets. TV \u00e9cran plat, table pliante\u00a0 et une armoire avec miroir sur pied. Une kitchenette (r\u00e9frig\u00e9rateur &#8211; cong\u00e9lateur, four \u00e0 micro-ondes,2 plaques chauffantes, lave-vaisselle, grille-pain, bouilloire, cafeti\u00e8re \u00e9lectrique, vaisselle). Une salle de bain avec baignoire [&hellip;]<\/p>\n","protected":false},"author":1,"featured_media":0,"parent":0,"menu_order":0,"comment_status":"closed","ping_status":"closed","template":"","meta":{"footnotes":""},"class_list":["post-69","page","type-page","status-publish","hentry"],"yoast_head":"<!-- This site is optimized with the Yoast SEO plugin v24.9 - https:\/\/yoast.com\/wordpress\/plugins\/seo\/ -->\n<title>G\u00eete Lavande - Studio 2 Personnes - SOLEIL ROUGE<\/title>\n<meta name=\"description\" content=\"Location de vacances en g\u00eetes class\u00e9s 3* id\u00e9alement situ\u00e9 entre Fr\u00e9jus et Cannes. Repos et soleil, proche des plus belles plages de la c\u00f4te d&#039;azur.\" \/>\n<meta name=\"robots\" content=\"index, follow, max-snippet:-1, max-image-preview:large, max-video-preview:-1\" \/>\n<link rel=\"canonical\" href=\"https:\/\/soleilrouge.fr\/index.php\/gite-lavande\/\" \/>\n<meta property=\"og:locale\" content=\"fr_FR\" \/>\n<meta property=\"og:type\" content=\"article\" \/>\n<meta property=\"og:title\" content=\"G\u00eete Lavande - Studio 2 Personnes - SOLEIL ROUGE\" \/>\n<meta property=\"og:description\" content=\"Location de vacances en g\u00eetes class\u00e9s 3* id\u00e9alement situ\u00e9 entre Fr\u00e9jus et Cannes. Repos et soleil, proche des plus belles plages de la c\u00f4te d&#039;azur.\" \/>\n<meta property=\"og:url\" content=\"https:\/\/soleilrouge.fr\/index.php\/gite-lavande\/\" \/>\n<meta property=\"og:site_name\" content=\"SOLEIL ROUGE\" \/>\n<meta property=\"article:publisher\" content=\"https:\/\/www.facebook.com\/gites.soleil.rouge\/\" \/>\n<meta property=\"article:modified_time\" content=\"2022-07-12T10:50:03+00:00\" \/>\n<meta name=\"twitter:card\" content=\"summary_large_image\" \/>\n<meta name=\"twitter:label1\" content=\"Dur\u00e9e de lecture estim\u00e9e\" \/>\n\t<meta name=\"twitter:data1\" content=\"1 minute\" \/>\n<script type=\"application\/ld+json\" class=\"yoast-schema-graph\">{\"@context\":\"https:\/\/schema.org\",\"@graph\":[{\"@type\":\"WebPage\",\"@id\":\"https:\/\/soleilrouge.fr\/index.php\/gite-lavande\/\",\"url\":\"https:\/\/soleilrouge.fr\/index.php\/gite-lavande\/\",\"name\":\"G\u00eete Lavande - Studio 2 Personnes - SOLEIL ROUGE\",\"isPartOf\":{\"@id\":\"https:\/\/soleilrouge.fr\/#website\"},\"datePublished\":\"2019-12-26T19:36:22+00:00\",\"dateModified\":\"2022-07-12T10:50:03+00:00\",\"description\":\"Location de vacances en g\u00eetes class\u00e9s 3* id\u00e9alement situ\u00e9 entre Fr\u00e9jus et Cannes. Repos et soleil, proche des plus belles plages de la c\u00f4te d'azur.\",\"breadcrumb\":{\"@id\":\"https:\/\/soleilrouge.fr\/index.php\/gite-lavande\/#breadcrumb\"},\"inLanguage\":\"fr-FR\",\"potentialAction\":[{\"@type\":\"ReadAction\",\"target\":[\"https:\/\/soleilrouge.fr\/index.php\/gite-lavande\/\"]}]},{\"@type\":\"BreadcrumbList\",\"@id\":\"https:\/\/soleilrouge.fr\/index.php\/gite-lavande\/#breadcrumb\",\"itemListElement\":[{\"@type\":\"ListItem\",\"position\":1,\"name\":\"Accueil\",\"item\":\"https:\/\/soleilrouge.fr\/\"},{\"@type\":\"ListItem\",\"position\":2,\"name\":\"G\u00eete Lavande &#8211; Studio 2 Personnes\"}]},{\"@type\":\"WebSite\",\"@id\":\"https:\/\/soleilrouge.fr\/#website\",\"url\":\"https:\/\/soleilrouge.fr\/\",\"name\":\"SOLEIL ROUGE\",\"description\":\"G\u00eetes de tourisme class\u00e9s *** au c\u0153ur de l&#039;Esterel (Var - France)\",\"publisher\":{\"@id\":\"https:\/\/soleilrouge.fr\/#organization\"},\"potentialAction\":[{\"@type\":\"SearchAction\",\"target\":{\"@type\":\"EntryPoint\",\"urlTemplate\":\"https:\/\/soleilrouge.fr\/?s={search_term_string}\"},\"query-input\":{\"@type\":\"PropertyValueSpecification\",\"valueRequired\":true,\"valueName\":\"search_term_string\"}}],\"inLanguage\":\"fr-FR\"},{\"@type\":\"Organization\",\"@id\":\"https:\/\/soleilrouge.fr\/#organization\",\"name\":\"Gites Soleil Rouge\",\"url\":\"https:\/\/soleilrouge.fr\/\",\"logo\":{\"@type\":\"ImageObject\",\"inLanguage\":\"fr-FR\",\"@id\":\"https:\/\/soleilrouge.fr\/#\/schema\/logo\/image\/\",\"url\":\"https:\/\/soleilrouge.fr\/wp-content\/uploads\/2019\/12\/cropped-Logo-Soleil-Rouge-New.png\",\"contentUrl\":\"https:\/\/soleilrouge.fr\/wp-content\/uploads\/2019\/12\/cropped-Logo-Soleil-Rouge-New.png\",\"width\":512,\"height\":512,\"caption\":\"Gites Soleil Rouge\"},\"image\":{\"@id\":\"https:\/\/soleilrouge.fr\/#\/schema\/logo\/image\/\"},\"sameAs\":[\"https:\/\/www.facebook.com\/gites.soleil.rouge\/\"]}]}<\/script>\n<!-- \/ Yoast SEO plugin. -->","yoast_head_json":{"title":"G\u00eete Lavande - Studio 2 Personnes - SOLEIL ROUGE","description":"Location de vacances en g\u00eetes class\u00e9s 3* id\u00e9alement situ\u00e9 entre Fr\u00e9jus et Cannes. Repos et soleil, proche des plus belles plages de la c\u00f4te d'azur.","robots":{"index":"index","follow":"follow","max-snippet":"max-snippet:-1","max-image-preview":"max-image-preview:large","max-video-preview":"max-video-preview:-1"},"canonical":"https:\/\/soleilrouge.fr\/index.php\/gite-lavande\/","og_locale":"fr_FR","og_type":"article","og_title":"G\u00eete Lavande - Studio 2 Personnes - SOLEIL ROUGE","og_description":"Location de vacances en g\u00eetes class\u00e9s 3* id\u00e9alement situ\u00e9 entre Fr\u00e9jus et Cannes. Repos et soleil, proche des plus belles plages de la c\u00f4te d'azur.","og_url":"https:\/\/soleilrouge.fr\/index.php\/gite-lavande\/","og_site_name":"SOLEIL ROUGE","article_publisher":"https:\/\/www.facebook.com\/gites.soleil.rouge\/","article_modified_time":"2022-07-12T10:50:03+00:00","twitter_card":"summary_large_image","twitter_misc":{"Dur\u00e9e de lecture estim\u00e9e":"1 minute"},"schema":{"@context":"https:\/\/schema.org","@graph":[{"@type":"WebPage","@id":"https:\/\/soleilrouge.fr\/index.php\/gite-lavande\/","url":"https:\/\/soleilrouge.fr\/index.php\/gite-lavande\/","name":"G\u00eete Lavande - Studio 2 Personnes - SOLEIL ROUGE","isPartOf":{"@id":"https:\/\/soleilrouge.fr\/#website"},"datePublished":"2019-12-26T19:36:22+00:00","dateModified":"2022-07-12T10:50:03+00:00","description":"Location de vacances en g\u00eetes class\u00e9s 3* id\u00e9alement situ\u00e9 entre Fr\u00e9jus et Cannes. Repos et soleil, proche des plus belles plages de la c\u00f4te d'azur.","breadcrumb":{"@id":"https:\/\/soleilrouge.fr\/index.php\/gite-lavande\/#breadcrumb"},"inLanguage":"fr-FR","potentialAction":[{"@type":"ReadAction","target":["https:\/\/soleilrouge.fr\/index.php\/gite-lavande\/"]}]},{"@type":"BreadcrumbList","@id":"https:\/\/soleilrouge.fr\/index.php\/gite-lavande\/#breadcrumb","itemListElement":[{"@type":"ListItem","position":1,"name":"Accueil","item":"https:\/\/soleilrouge.fr\/"},{"@type":"ListItem","position":2,"name":"G\u00eete Lavande &#8211; Studio 2 Personnes"}]},{"@type":"WebSite","@id":"https:\/\/soleilrouge.fr\/#website","url":"https:\/\/soleilrouge.fr\/","name":"SOLEIL ROUGE","description":"G\u00eetes de tourisme class\u00e9s *** au c\u0153ur de l&#039;Esterel (Var - France)","publisher":{"@id":"https:\/\/soleilrouge.fr\/#organization"},"potentialAction":[{"@type":"SearchAction","target":{"@type":"EntryPoint","urlTemplate":"https:\/\/soleilrouge.fr\/?s={search_term_string}"},"query-input":{"@type":"PropertyValueSpecification","valueRequired":true,"valueName":"search_term_string"}}],"inLanguage":"fr-FR"},{"@type":"Organization","@id":"https:\/\/soleilrouge.fr\/#organization","name":"Gites Soleil Rouge","url":"https:\/\/soleilrouge.fr\/","logo":{"@type":"ImageObject","inLanguage":"fr-FR","@id":"https:\/\/soleilrouge.fr\/#\/schema\/logo\/image\/","url":"https:\/\/soleilrouge.fr\/wp-content\/uploads\/2019\/12\/cropped-Logo-Soleil-Rouge-New.png","contentUrl":"https:\/\/soleilrouge.fr\/wp-content\/uploads\/2019\/12\/cropped-Logo-Soleil-Rouge-New.png","width":512,"height":512,"caption":"Gites Soleil Rouge"},"image":{"@id":"https:\/\/soleilrouge.fr\/#\/schema\/logo\/image\/"},"sameAs":["https:\/\/www.facebook.com\/gites.soleil.rouge\/"]}]}},"_links":{"self":[{"href":"https:\/\/soleilrouge.fr\/index.php\/wp-json\/wp\/v2\/pages\/69","targetHints":{"allow":["GET"]}}],"collection":[{"href":"https:\/\/soleilrouge.fr\/index.php\/wp-json\/wp\/v2\/pages"}],"about":[{"href":"https:\/\/soleilrouge.fr\/index.php\/wp-json\/wp\/v2\/types\/page"}],"author":[{"embeddable":true,"href":"https:\/\/soleilrouge.fr\/index.php\/wp-json\/wp\/v2\/users\/1"}],"replies":[{"embeddable":true,"href":"https:\/\/soleilrouge.fr\/index.php\/wp-json\/wp\/v2\/comments?post=69"}],"version-history":[{"count":10,"href":"https:\/\/soleilrouge.fr\/index.php\/wp-json\/wp\/v2\/pages\/69\/revisions"}],"predecessor-version":[{"id":435,"href":"https:\/\/soleilrouge.fr\/index.php\/wp-json\/wp\/v2\/pages\/69\/revisions\/435"}],"wp:attachment":[{"href":"https:\/\/soleilrouge.fr\/index.php\/wp-json\/wp\/v2\/media?parent=69"}],"curies":[{"name":"wp","href":"https:\/\/api.w.org\/{rel}","templated":true}]}}