{"id":433,"date":"2022-07-20T17:23:12","date_gmt":"2022-07-20T15:23:12","guid":{"rendered":"https:\/\/soleilrouge.fr\/?page_id=433"},"modified":"2022-07-20T17:54:51","modified_gmt":"2022-07-20T15:54:51","slug":"visitez-votre-prochain-lieu-de-vacances","status":"publish","type":"page","link":"https:\/\/soleilrouge.fr\/index.php\/visitez-votre-prochain-lieu-de-vacances\/","title":{"rendered":"Visitez votre prochain lieu de vacances"},"content":{"rendered":"\n<figure class=\"wp-block-embed is-type-video is-provider-youtube wp-block-embed-youtube wp-embed-aspect-16-9 wp-has-aspect-ratio\"><div class=\"wp-block-embed__wrapper\">\n<iframe loading=\"lazy\" title=\"Visite Ext\u00e9rieure des Gites Soleil Rouge aux Adrets de l&#039;Esterel - Var - France\" width=\"810\" height=\"456\" src=\"https:\/\/www.youtube.com\/embed\/JQz-ibPEKD8?feature=oembed\" frameborder=\"0\" allow=\"accelerometer; autoplay; clipboard-write; encrypted-media; gyroscope; picture-in-picture\" allowfullscreen><\/iframe>\n<\/div><\/figure>\n","protected":false},"excerpt":{"rendered":"","protected":false},"author":1,"featured_media":0,"parent":0,"menu_order":0,"comment_status":"closed","ping_status":"closed","template":"","meta":{"footnotes":""},"class_list":["post-433","page","type-page","status-publish","hentry"],"yoast_head":"<!-- This site is optimized with the Yoast SEO plugin v24.9 - https:\/\/yoast.com\/wordpress\/plugins\/seo\/ -->\n<title>Visitez votre prochain lieu de vacances - SOLEIL ROUGE<\/title>\n<meta name=\"description\" content=\"Location de vacances en g\u00eetes class\u00e9s 3* id\u00e9alement situ\u00e9 entre Fr\u00e9jus et Cannes. Repos et soleil, proche des plus belles plages de la c\u00f4te d&#039;azur.\" \/>\n<meta name=\"robots\" content=\"index, follow, max-snippet:-1, max-image-preview:large, max-video-preview:-1\" \/>\n<link rel=\"canonical\" href=\"https:\/\/soleilrouge.fr\/index.php\/visitez-votre-prochain-lieu-de-vacances\/\" \/>\n<meta property=\"og:locale\" content=\"fr_FR\" \/>\n<meta property=\"og:type\" content=\"article\" \/>\n<meta property=\"og:title\" content=\"Visitez votre prochain lieu de vacances - SOLEIL ROUGE\" \/>\n<meta property=\"og:description\" content=\"Location de vacances en g\u00eetes class\u00e9s 3* id\u00e9alement situ\u00e9 entre Fr\u00e9jus et Cannes. Repos et soleil, proche des plus belles plages de la c\u00f4te d&#039;azur.\" \/>\n<meta property=\"og:url\" content=\"https:\/\/soleilrouge.fr\/index.php\/visitez-votre-prochain-lieu-de-vacances\/\" \/>\n<meta property=\"og:site_name\" content=\"SOLEIL ROUGE\" \/>\n<meta property=\"article:publisher\" content=\"https:\/\/www.facebook.com\/gites.soleil.rouge\/\" \/>\n<meta property=\"article:modified_time\" content=\"2022-07-20T15:54:51+00:00\" \/>\n<meta name=\"twitter:card\" content=\"summary_large_image\" \/>\n<meta name=\"twitter:label1\" content=\"Dur\u00e9e de lecture estim\u00e9e\" \/>\n\t<meta name=\"twitter:data1\" content=\"1 minute\" \/>\n<script type=\"application\/ld+json\" class=\"yoast-schema-graph\">{\"@context\":\"https:\/\/schema.org\",\"@graph\":[{\"@type\":\"WebPage\",\"@id\":\"https:\/\/soleilrouge.fr\/index.php\/visitez-votre-prochain-lieu-de-vacances\/\",\"url\":\"https:\/\/soleilrouge.fr\/index.php\/visitez-votre-prochain-lieu-de-vacances\/\",\"name\":\"Visitez votre prochain lieu de vacances - SOLEIL ROUGE\",\"isPartOf\":{\"@id\":\"https:\/\/soleilrouge.fr\/#website\"},\"datePublished\":\"2022-07-20T15:23:12+00:00\",\"dateModified\":\"2022-07-20T15:54:51+00:00\",\"description\":\"Location de vacances en g\u00eetes class\u00e9s 3* id\u00e9alement situ\u00e9 entre Fr\u00e9jus et Cannes. Repos et soleil, proche des plus belles plages de la c\u00f4te d'azur.\",\"breadcrumb\":{\"@id\":\"https:\/\/soleilrouge.fr\/index.php\/visitez-votre-prochain-lieu-de-vacances\/#breadcrumb\"},\"inLanguage\":\"fr-FR\",\"potentialAction\":[{\"@type\":\"ReadAction\",\"target\":[\"https:\/\/soleilrouge.fr\/index.php\/visitez-votre-prochain-lieu-de-vacances\/\"]}]},{\"@type\":\"BreadcrumbList\",\"@id\":\"https:\/\/soleilrouge.fr\/index.php\/visitez-votre-prochain-lieu-de-vacances\/#breadcrumb\",\"itemListElement\":[{\"@type\":\"ListItem\",\"position\":1,\"name\":\"Accueil\",\"item\":\"https:\/\/soleilrouge.fr\/\"},{\"@type\":\"ListItem\",\"position\":2,\"name\":\"Visitez votre prochain lieu de vacances\"}]},{\"@type\":\"WebSite\",\"@id\":\"https:\/\/soleilrouge.fr\/#website\",\"url\":\"https:\/\/soleilrouge.fr\/\",\"name\":\"SOLEIL ROUGE\",\"description\":\"G\u00eetes de tourisme class\u00e9s *** au c\u0153ur de l&#039;Esterel (Var - France)\",\"publisher\":{\"@id\":\"https:\/\/soleilrouge.fr\/#organization\"},\"potentialAction\":[{\"@type\":\"SearchAction\",\"target\":{\"@type\":\"EntryPoint\",\"urlTemplate\":\"https:\/\/soleilrouge.fr\/?s={search_term_string}\"},\"query-input\":{\"@type\":\"PropertyValueSpecification\",\"valueRequired\":true,\"valueName\":\"search_term_string\"}}],\"inLanguage\":\"fr-FR\"},{\"@type\":\"Organization\",\"@id\":\"https:\/\/soleilrouge.fr\/#organization\",\"name\":\"Gites Soleil Rouge\",\"url\":\"https:\/\/soleilrouge.fr\/\",\"logo\":{\"@type\":\"ImageObject\",\"inLanguage\":\"fr-FR\",\"@id\":\"https:\/\/soleilrouge.fr\/#\/schema\/logo\/image\/\",\"url\":\"https:\/\/soleilrouge.fr\/wp-content\/uploads\/2019\/12\/cropped-Logo-Soleil-Rouge-New.png\",\"contentUrl\":\"https:\/\/soleilrouge.fr\/wp-content\/uploads\/2019\/12\/cropped-Logo-Soleil-Rouge-New.png\",\"width\":512,\"height\":512,\"caption\":\"Gites Soleil Rouge\"},\"image\":{\"@id\":\"https:\/\/soleilrouge.fr\/#\/schema\/logo\/image\/\"},\"sameAs\":[\"https:\/\/www.facebook.com\/gites.soleil.rouge\/\"]}]}<\/script>\n<!-- \/ Yoast SEO plugin. -->","yoast_head_json":{"title":"Visitez votre prochain lieu de vacances - SOLEIL ROUGE","description":"Location de vacances en g\u00eetes class\u00e9s 3* id\u00e9alement situ\u00e9 entre Fr\u00e9jus et Cannes. Repos et soleil, proche des plus belles plages de la c\u00f4te d'azur.","robots":{"index":"index","follow":"follow","max-snippet":"max-snippet:-1","max-image-preview":"max-image-preview:large","max-video-preview":"max-video-preview:-1"},"canonical":"https:\/\/soleilrouge.fr\/index.php\/visitez-votre-prochain-lieu-de-vacances\/","og_locale":"fr_FR","og_type":"article","og_title":"Visitez votre prochain lieu de vacances - SOLEIL ROUGE","og_description":"Location de vacances en g\u00eetes class\u00e9s 3* id\u00e9alement situ\u00e9 entre Fr\u00e9jus et Cannes. Repos et soleil, proche des plus belles plages de la c\u00f4te d'azur.","og_url":"https:\/\/soleilrouge.fr\/index.php\/visitez-votre-prochain-lieu-de-vacances\/","og_site_name":"SOLEIL ROUGE","article_publisher":"https:\/\/www.facebook.com\/gites.soleil.rouge\/","article_modified_time":"2022-07-20T15:54:51+00:00","twitter_card":"summary_large_image","twitter_misc":{"Dur\u00e9e de lecture estim\u00e9e":"1 minute"},"schema":{"@context":"https:\/\/schema.org","@graph":[{"@type":"WebPage","@id":"https:\/\/soleilrouge.fr\/index.php\/visitez-votre-prochain-lieu-de-vacances\/","url":"https:\/\/soleilrouge.fr\/index.php\/visitez-votre-prochain-lieu-de-vacances\/","name":"Visitez votre prochain lieu de vacances - SOLEIL ROUGE","isPartOf":{"@id":"https:\/\/soleilrouge.fr\/#website"},"datePublished":"2022-07-20T15:23:12+00:00","dateModified":"2022-07-20T15:54:51+00:00","description":"Location de vacances en g\u00eetes class\u00e9s 3* id\u00e9alement situ\u00e9 entre Fr\u00e9jus et Cannes. Repos et soleil, proche des plus belles plages de la c\u00f4te d'azur.","breadcrumb":{"@id":"https:\/\/soleilrouge.fr\/index.php\/visitez-votre-prochain-lieu-de-vacances\/#breadcrumb"},"inLanguage":"fr-FR","potentialAction":[{"@type":"ReadAction","target":["https:\/\/soleilrouge.fr\/index.php\/visitez-votre-prochain-lieu-de-vacances\/"]}]},{"@type":"BreadcrumbList","@id":"https:\/\/soleilrouge.fr\/index.php\/visitez-votre-prochain-lieu-de-vacances\/#breadcrumb","itemListElement":[{"@type":"ListItem","position":1,"name":"Accueil","item":"https:\/\/soleilrouge.fr\/"},{"@type":"ListItem","position":2,"name":"Visitez votre prochain lieu de vacances"}]},{"@type":"WebSite","@id":"https:\/\/soleilrouge.fr\/#website","url":"https:\/\/soleilrouge.fr\/","name":"SOLEIL ROUGE","description":"G\u00eetes de tourisme class\u00e9s *** au c\u0153ur de l&#039;Esterel (Var - France)","publisher":{"@id":"https:\/\/soleilrouge.fr\/#organization"},"potentialAction":[{"@type":"SearchAction","target":{"@type":"EntryPoint","urlTemplate":"https:\/\/soleilrouge.fr\/?s={search_term_string}"},"query-input":{"@type":"PropertyValueSpecification","valueRequired":true,"valueName":"search_term_string"}}],"inLanguage":"fr-FR"},{"@type":"Organization","@id":"https:\/\/soleilrouge.fr\/#organization","name":"Gites Soleil Rouge","url":"https:\/\/soleilrouge.fr\/","logo":{"@type":"ImageObject","inLanguage":"fr-FR","@id":"https:\/\/soleilrouge.fr\/#\/schema\/logo\/image\/","url":"https:\/\/soleilrouge.fr\/wp-content\/uploads\/2019\/12\/cropped-Logo-Soleil-Rouge-New.png","contentUrl":"https:\/\/soleilrouge.fr\/wp-content\/uploads\/2019\/12\/cropped-Logo-Soleil-Rouge-New.png","width":512,"height":512,"caption":"Gites Soleil Rouge"},"image":{"@id":"https:\/\/soleilrouge.fr\/#\/schema\/logo\/image\/"},"sameAs":["https:\/\/www.facebook.com\/gites.soleil.rouge\/"]}]}},"_links":{"self":[{"href":"https:\/\/soleilrouge.fr\/index.php\/wp-json\/wp\/v2\/pages\/433","targetHints":{"allow":["GET"]}}],"collection":[{"href":"https:\/\/soleilrouge.fr\/index.php\/wp-json\/wp\/v2\/pages"}],"about":[{"href":"https:\/\/soleilrouge.fr\/index.php\/wp-json\/wp\/v2\/types\/page"}],"author":[{"embeddable":true,"href":"https:\/\/soleilrouge.fr\/index.php\/wp-json\/wp\/v2\/users\/1"}],"replies":[{"embeddable":true,"href":"https:\/\/soleilrouge.fr\/index.php\/wp-json\/wp\/v2\/comments?post=433"}],"version-history":[{"count":4,"href":"https:\/\/soleilrouge.fr\/index.php\/wp-json\/wp\/v2\/pages\/433\/revisions"}],"predecessor-version":[{"id":442,"href":"https:\/\/soleilrouge.fr\/index.php\/wp-json\/wp\/v2\/pages\/433\/revisions\/442"}],"wp:attachment":[{"href":"https:\/\/soleilrouge.fr\/index.php\/wp-json\/wp\/v2\/media?parent=433"}],"curies":[{"name":"wp","href":"https:\/\/api.w.org\/{rel}","templated":true}]}}

<figure class="wp-block-embed is-type-video is-provider-youtube wp-block-embed-youtube wp-embed-aspect-16-9 wp-has-aspect-ratio"><div class="wp-block-embed__wrapper">
<iframe loading="lazy" title="Visite Extérieure des Gites Soleil Rouge aux Adrets de l&#039;Esterel - Var - France" width="810" height="456" src="https://www.youtube.com/embed/JQz-ibPEKD8?feature=oembed" frameborder="0" allow="accelerometer; autoplay; clipboard-write; encrypted-media; gyroscope; picture-in-picture" allowfullscreen></iframe>
</div></figure>

<!-- This site is optimized with the Yoast SEO plugin v24.9 - https://yoast.com/wordpress/plugins/seo/ -->
<title>Visitez votre prochain lieu de vacances - SOLEIL ROUGE</title>
<meta name="description" content="Location de vacances en gîtes classés 3* idéalement situé entre Fréjus et Cannes. Repos et soleil, proche des plus belles plages de la côte d&#039;azur." />
<meta name="robots" content="index, follow, max-snippet:-1, max-image-preview:large, max-video-preview:-1" />
<link rel="canonical" href="https://soleilrouge.fr/index.php/visitez-votre-prochain-lieu-de-vacances/" />
<meta property="og:locale" content="fr_FR" />
<meta property="og:type" content="article" />
<meta property="og:title" content="Visitez votre prochain lieu de vacances - SOLEIL ROUGE" />
<meta property="og:description" content="Location de vacances en gîtes classés 3* idéalement situé entre Fréjus et Cannes. Repos et soleil, proche des plus belles plages de la côte d&#039;azur." />
<meta property="og:url" content="https://soleilrouge.fr/index.php/visitez-votre-prochain-lieu-de-vacances/" />
<meta property="og:site_name" content="SOLEIL ROUGE" />
<meta property="article:publisher" content="https://www.facebook.com/gites.soleil.rouge/" />
<meta property="article:modified_time" content="2022-07-20T15:54:51+00:00" />
<meta name="twitter:card" content="summary_large_image" />
<meta name="twitter:label1" content="Durée de lecture estimée" />
	<meta name="twitter:data1" content="1 minute" />
<script type="application/ld+json" class="yoast-schema-graph">{"@context":"https://schema.org","@graph":[{"@type":"WebPage","@id":"https://soleilrouge.fr/index.php/visitez-votre-prochain-lieu-de-vacances/","url":"https://soleilrouge.fr/index.php/visitez-votre-prochain-lieu-de-vacances/","name":"Visitez votre prochain lieu de vacances - SOLEIL ROUGE","isPartOf":{"@id":"https://soleilrouge.fr/#website"},"datePublished":"2022-07-20T15:23:12+00:00","dateModified":"2022-07-20T15:54:51+00:00","description":"Location de vacances en gîtes classés 3* idéalement situé entre Fréjus et Cannes. Repos et soleil, proche des plus belles plages de la côte d'azur.","breadcrumb":{"@id":"https://soleilrouge.fr/index.php/visitez-votre-prochain-lieu-de-vacances/#breadcrumb"},"inLanguage":"fr-FR","potentialAction":[{"@type":"ReadAction","target":["https://soleilrouge.fr/index.php/visitez-votre-prochain-lieu-de-vacances/"]}]},{"@type":"BreadcrumbList","@id":"https://soleilrouge.fr/index.php/visitez-votre-prochain-lieu-de-vacances/#breadcrumb","itemListElement":[{"@type":"ListItem","position":1,"name":"Accueil","item":"https://soleilrouge.fr/"},{"@type":"ListItem","position":2,"name":"Visitez votre prochain lieu de vacances"}]},{"@type":"WebSite","@id":"https://soleilrouge.fr/#website","url":"https://soleilrouge.fr/","name":"SOLEIL ROUGE","description":"Gîtes de tourisme classés *** au cœur de l&#039;Esterel (Var - France)","publisher":{"@id":"https://soleilrouge.fr/#organization"},"potentialAction":[{"@type":"SearchAction","target":{"@type":"EntryPoint","urlTemplate":"https://soleilrouge.fr/?s={search_term_string}"},"query-input":{"@type":"PropertyValueSpecification","valueRequired":true,"valueName":"search_term_string"}}],"inLanguage":"fr-FR"},{"@type":"Organization","@id":"https://soleilrouge.fr/#organization","name":"Gites Soleil Rouge","url":"https://soleilrouge.fr/","logo":{"@type":"ImageObject","inLanguage":"fr-FR","@id":"https://soleilrouge.fr/#/schema/logo/image/","url":"https://soleilrouge.fr/wp-content/uploads/2019/12/cropped-Logo-Soleil-Rouge-New.png","contentUrl":"https://soleilrouge.fr/wp-content/uploads/2019/12/cropped-Logo-Soleil-Rouge-New.png","width":512,"height":512,"caption":"Gites Soleil Rouge"},"image":{"@id":"https://soleilrouge.fr/#/schema/logo/image/"},"sameAs":["https://www.facebook.com/gites.soleil.rouge/"]}]}</script>
<!-- / Yoast SEO plugin. -->

Location de vacances en gîtes classés 3* idéalement situé entre Fréjus et Cannes. Repos et soleil, proche des plus belles plages de la côte d'azur.

Gîtes de tourisme classés *** au cœur de l&#039;Esterel (Var - France)
